the tens digit of z(b)?
1
Let x(t) = -14*t**2 + 16*t + 34. Let m be x(4). Suppose 0*q - q - 100 = -2*o, -4*o = -4*q - 380. Let l = q - m. What is the tens digit of l?
3
Let k = 42 - 40. Suppose k*x - 2 = y, 3*y + 3 = -2*x + 5*x. Suppose 3*b = 2*z - 57, y = -3*b + 4 - 1. What is the tens digit of z?
3
Let z = -158 - -155. What is the units digit of 6 + z/(12/(-4204)) + -5?
2
Let n be (4/(-10))/(1/5)*-183. Let u = 77 + n. What is the units digit of u?
3
What is the tens digit of (-541 + 0)/((-27)/(-6885)*-17)?
1
Suppose 5*w + k = 15, 0 = -5*w + 9*k - 5*k + 15. Suppose -w*q - 38*q = -40959. What is the hundreds digit of q?
9
Let u(r) = -2*r**3 + 7*r**2 - 93*r - 21. What is the hundreds digit of u(-11)?
5
Let j = 3837 + -714. Suppose 3*o - j = 3*z, 0 = -6*z + 10*z - 12. What is the thousands digit of o?
1
Suppose 2*h = 5*p + 7115, -7 - 8 = -5*p. Let d = -1647 + h. What is the tens digit of (-4)/18 + d/126?
1
Let g = 1172 + 1024. Suppose -5*w = 5*c - 10, 1 = 2*c + 5*w - 0. Suppose -c*v + g = 6*v. What is the tens digit of v?
4
Let l(y) = 209*y - 1 - 12 + 49*y - 5 + 3. What is the tens digit of l(3)?
5
Let p(a) = -13*a + 2. Let f be p(-10). Let i = f - 500. Let u = 515 + i. What is the hundreds digit of u?
1
Suppose 12 = -4*r, -5*r = 5*v - 10*r - 35. Suppose -v*w + n + 14 = 2*n, -2*n - 4 = 0. Suppose 0 = m + h - 24, 4*h + 75 = w*m + m. What is the tens digit of m?
1
Let q = 2 + 1. Suppose 0 = q*i + i + 12, -3*i = 2*t + 77. Let f = t + 112. What is the tens digit of f?
7
Let f(z) = -16*z + 118 - 23*z + z - 12*z + 2*z. What is the tens digit of f(-15)?
3
Suppose 874888 - 185602 = 78*r. What is the tens digit of r?
3
Let w(s) = -1307*s + 922. What is the hundreds digit of w(-12)?
6
Let s(l) = l**2 - 22*l + 25. Let v be s(21). Suppose -5*r + k - 147 = 0, -2*r + v*k - 3 = 45. What is the units digit of -4 + 5 - (r - -2)?
9
Let a = 14 - 11. Suppose -a*y + 82 = -0*y + 4*u, 133 = 5*y + 3*u. Suppose -4*f + y = -2*f + 2*x, 55 = 5*f - 5*x. What is the units digit of f?
2
Let t(b) = 8*b**2 - 2*b - 6. Let l be t(-2). What is the hundreds digit of 213*3*l/15?
2
What is the thousands digit of ((-610380)/(-25))/3 - (0 - 3/5)?
8
What is the hundreds digit of (-55*(-4)/20 - 3) + 5444?
4
What is the tens digit of -2*(-8)/(-40)*3205/(-1)?
8
Let t = 7770 - 1591. What is the hundreds digit of t?
1
Suppose -4*t = -4*h, 4*t + 4*h - 18 = 2*h. Let m be t*(4/(-3))/(-2). Suppose 9*k - 869 = -m*k. What is the tens digit of k?
7
Let q(v) = -9*v**3 + v**2 + 5*v + 4. Let l be q(-1). Suppose 2690 - 14948 = -l*u. What is the units digit of u?
2
Let u be 15*(-23)/((-920)/(-16)). Let m = -52 + -37. Let s = u - m. What is the units digit of s?
3
Let s(g) = -35*g**2 - 4*g + 1. Let h be s(1). Let o = 41 + h. Suppose o*z - t = -2*t + 91, -5*z - 3*t = -145. What is the tens digit of z?
3
Let w(s) = -2*s**2 - 26*s - 27. Let n be w(-11). Suppose n*o = -3487 + 13517. What is the hundreds digit of o?
5
Suppose -4*b + b + 2*z = -1737, 0 = -5*b - z + 2882. What is the hundreds digit of b/2 - 18/36?
2
Let o = -117 + 1569. Suppose -93*z + o = -89*z. What is the tens digit of z?
6
Suppose 2*f + 71 = x, -4*f - 172 = -2*x + 6*x. What is the units digit of (-19110)/f + 28/266?
3
Suppose -67357 = 63*c - 1214965. What is the ten thousands digit of c?
1
Let x(y) = 13*y + 42. Let d be x(12). Suppose 69*m - d = 67*m. What is the tens digit of m?
9
Suppose -3 = -a, -2*o + 4*a = 6 - 24. Suppose 2*f - 186 = -2*n + 798, -3*f + o = 0. What is the hundreds digit of n?
4
Suppose 2*v + 2*c - 1 = 3*c, -4*c + 26 = 2*v. Let l be 2 - 0 - (3 - (3 + v)). Suppose -2*z - 5*d + 22 = 0, -5*z = l*d - 46 - 9. What is the units digit of z?
1
Suppose 3*z = 2*l + 6052, -2025 - 2007 = -2*z + 4*l. Suppose -4*w - 3*t + z + 579 = 0, 0 = 4*t + 20. What is the hundreds digit of w?
6
What is the tens digit of -15 + 19 + 94/(-24) - 389417/(-84)?
3
Let s = 156 - -29. What is the hundreds digit of (-1008)/(-10) - (-37)/s?
1
Let y(j) = 30*j + 361. Let n be y(23). Let f = 2135 - n. What is the hundreds digit of f?
0
Let z = -4427 + 8492. Suppose -b = -3*b - 5*q + 1595, -5*b + 3*q = -z. What is the tens digit of b?
1
Suppose -5*o = j - 1595, -5*j + 8*j - 5*o = 4685. Suppose 3*p = -7*p + j. What is the hundreds digit of p?
1
Suppose 0 = 3*s - 6, -8*x + 6*x = s - 3158. What is the thousands digit of x?
1
Suppose z + 5*z + 138 = 0. Let s = 29 + z. Suppose 0 = 5*a - 5*m - 310, s*m + 325 = 5*a + 4*m. What is the units digit of a?
7
Suppose 0 = -2*x + 3*m + 23, 2*m - 25 = 7*m. What is the hundreds digit of (-28)/49*-7*141/x?
1
Let o = -374 + 113. Let y = o - -1365. What is the thousands digit of y?
1
Suppose 2*p + 4*c - 23452 = 0, -5*p = -6*c + 10*c - 58594. What is the thousands digit of p?
1
Let j(c) = 43*c**2 - 51*c - 32. What is the hundreds digit of j(4)?
4
Let w = 21953 - -624. What is the thousands digit of w?
2
What is the tens digit of 16/304*19 + 1 + 8784?
8
Let h(l) = -3*l + 12. Let u be (-20)/(-50) - 406/(-10) - -1. Let f = -63 + u. What is the units digit of h(f)?
5
Let b(j) = -19*j - 12. Let x = 49 - 153. Let d = x + 96. What is the tens digit of b(d)?
4
Let w = 150 + -144. Suppose w*a - 1612 = -22. What is the hundreds digit of a?
2
Let t = 1202 + -2861. Let c = -993 - t. What is the tens digit of c?
6
Let f = -728 - -733. Suppose -1898 = -12*a + 9*a - f*v, -3*a - 4*v = -1900. What is the units digit of a?
6
Let p = 55 + 11. Suppose -4*v - 17 = 3*x + 11, -5*v + 4*x - p = 0. What is the tens digit of ((-5)/(v/(-66)))/(-1)?
3
Let g be (-29 + 32)*(0 - -4). Suppose 0 = 5*c + 5*u - 1995, 3*c - 1217 = -u - g. What is the hundreds digit of c?
4
Let k be (-10)/95 + 120/57. Suppose -7*t + k*t + 155 = 0. Suppose 2*a - 193 = -4*v - t, 0 = 4*v - 5*a - 141. What is the tens digit of v?
3
Suppose 5*c - 4 + 24 = 0. Let x(l) = -2*l**3 - 7*l**2 + 9*l + 16. Let r be x(c). Let y(n) = -3*n**3 + n**2 + 6*n + 6. What is the units digit of y(r)?
0
Let b = -2532 - -10794. What is the thousands digit of b?
8
Let j(z) = -79*z**3 - 5*z**2 - 8. Let u(n) = 3 + 2*n**2 + 2*n**2 + 80*n**3 + 4. Let x(f) = 6*j(f) + 7*u(f). What is the tens digit of x(1)?
8
Suppose -2*o = -2*v - 60386, -o + 46506 = 2*v + 16325. Suppose 56*w - 124829 = -o. What is the tens digit of w?
9
Let q(v) = v**3 - 125*v**2 + 46*v + 1852. What is the units digit of q(127)?
2
Suppose 438 = 2*f - 18. Let w = 419 - f. Suppose 6*n - 205 = w. What is the tens digit of n?
6
Let g(w) = w - 19. Let h be g(11). Let c be (17 + -29)*6/h. Suppose -6*i = -c*i + 93. What is the tens digit of i?
3
Let y(l) = 11*l**2 - 2*l - 7. Let q = 79 - 85. What is the hundreds digit of y(q)?
4
Let r(m) be the second derivative of -161*m**3/3 - 199*m**2/2 + 140*m. What is the hundreds digit of r(-5)?
4
Let m(k) = 7*k**2 + 21*k - 16. Let a be m(11). Let u = a - 465. What is the hundreds digit of u?
5
Suppose 5*p - 133863 + 24205 = -n, -4*n - 43894 = -2*p. What is the tens digit of p?
3
Let k = 801 - 787. What is the tens digit of -6 + (-367220)/(-196) + 6/k?
6
Let d = -54 - -688. Let o = -287 + d. What is the units digit of o?
7
Let m = 2860 - 1155. Let i = m - 196. What is the hundreds digit of i?
5
Suppose 0 = -5*p - 11*r + 7*r - 6912, 5*p - r + 6897 = 0. What is the tens digit of p/46*(-110)/6?
5
Suppose -p + 4*p - 2*j - 68 = 0, p - 23 = j. Let u = 168 + p. Suppose -5*s - 5*i + u + 335 = 0, 0 = 5*i - 20. What is the units digit of s?
1
Suppose v = 2*h - 32107, 88*h - 85*h + 5*v = 48154. What is the ten thousands digit of h?
1
What is the tens digit of 82338/12 + -11 - 9/6?
4
Suppose 24*s = 332 - 68. Suppose b - u = 308, -s*b = -6*b - 2*u - 1531. What is the hundreds digit of b?
3
Let c = -491 - -709. Let a = c + 85. What is the tens digit of a?
0
Let x(o) = -6*o - 30. Suppose v + 2*k = -91 - 9, 5*k = 25. Let d = 91 + v. What is the units digit of x(d)?
4
Suppose -5*x - 3*z + 22936 - 1269 = 0, 0 = -5*z + 20. What is the hundreds digit of x?
3
Let h = 114010 - 80648. What is the hundreds digit of h?
3
Suppose -2 = -2*o + 18. Let y be (86*o/4)/(1/1). Suppose k - 3*a = y, 639 = 2*k + k - 3*a. What is the units digit of k?
2
Suppose -33 = -l - 5*c, -38*c = -33*c - 10. Suppose l*z + 3*a - 3384 = 20*z, 4*a - 2248 = -2*z. What is the thousands digit of z?
1
Let y(x) = -9*x + 493 - 241 - 245. Suppose 2*q + 41 = -8*u + 3*u, -3